se -3*t + 3 = -0*i + 5*i, -3*i - 9 = 0. Let g be (t/4)/(9/228). Let x = 59 - g. Is x a composite number?
True
Let j = 6 + -11. Let a(q) = q**2 + 6*q + 6. Let r be a(j). Is (r - 1/2)*118 composite?
False
Suppose -4*y - 3*o - 31 = 0, -2*y = -0*y - 5*o + 9. Let h = y + 7. Suppose -g = -h*g - 3*a - 130, 262 = 2*g - 4*a. Is g a composite number?
True
Let p be 7167/(-2)*(-24)/18. Suppose -5*x + p = 853. Suppose -4*u + x = u. Is u composite?
False
Let q be (-4 + -22)*1/2. Let r = q - -38. Is r composite?
True
Let k(b) = -b**3 - 5*b**2 - 2*b - 3. Let i be k(-5). Suppose 4*q - 9 = -j, 0 = 3*q - 2*j - i + 3. Suppose -159 = q*a - 397. Is a prime?
False
Let g(l) = 447*l - 2. Let x be g(-1). Let s = x - -970. Is s a prime number?
True
Suppose -4*p + 25500 = 4*y, 4*p = 8*p + y - 25488. Is p a prime number?
False
Is 2/(120/(-15)) - (-73354)/8 composite?
True
Suppose -2*c + 7*c - 10 = 0. Suppose 2*y - 4*i - 250 = 0, y + 3*y - 480 = -c*i. Is y prime?
False
Suppose f - 6 = 4*b, -4*f + 3*b = -0*b - 24. Is (-8637)/(-5) + f/(-15) prime?
False
Suppose 130428 = 48*u - 12*u. Is u composite?
False
Let b(r) = 13*r**2 + 295*r - 145. Is b(-70) prime?
False
Suppose v - 2 = -4*g, -g - 4*v - v = -10. Suppose -4 = -4*s + 5*o + 3, -1 = -o. Suppose 0 = 4*h, 2*j - 4*h + s*h - 974 = g. Is j composite?
False
Let s(v) = -v**3 - 14*v**2 - 5*v - 33. Let l(p) = -3*p**3 - 29*p**2 - 9*p - 65. Let b(g) = -2*l(g) + 5*s(g). Is b(16) a prime number?
True
Let g(b) = -2*b**3. Let p be g(3). Let z = -32 - p. Is z composite?
True
Let z be ((-6)/5)/(39/130). Let k(j) = -71*j + 5. Let o(d) = -24*d + 2. Let b(h) = z*k(h) + 11*o(h). Is b(4) composite?
True
Suppose 0 = 3*q + 13 + 8. Let m(f) be the third derivative of -f**4/8 - 11*f**3/6 + 76*f**2 + 1. Is m(q) composite?
True
Let c(s) = 7*s + 9. Let z(l) = -l. Let k(n) = c(n) + 6*z(n). Let a be k(-4). Is (5/(-3))/a*-2355 prime?
False
Let m = 0 - 7. Let g = m - -5. Is (74/(-8))/(g/8) a prime number?
True
Let d(f) = -8*f**3 - 7*f**2 - 15*f - 5. Let h be d(-4). Suppose -24*l + h = -19*l. Is l a prime number?
False
Let d = 20 + -17. Let h = -1 - d. Is (-54)/h - 4/(-8) prime?
False
Suppose 3*t + 601 = 4*g, 0*t + 456 = 3*g - 4*t. Let p(r) = 5 - 1 - 2 - 3 - g*r. Is p(-3) composite?
False
Let u(n) = n**2 + 12*n - 88. Let t be u(21). Let a be -1*(-414)/(-8)*-8. Let c = t - a. Is c prime?
True
Suppose 5*h - 3*s - 43382 = 0, -3*h - s + 7301 = -18717. Is h composite?
True
Is ((-24)/40)/(4/(-223540)) composite?
True
Let m be (-3687)/(-2) + 8 + (-120)/16. Suppose m = t + 333. Is t prime?
True
Let a(c) = -c + 57. Is a(20) a prime number?
True
Let a(i) = i**3 + 5*i**2 - 5*i - 1. Let g be a(-6). Let r(t) = 4*t**2 + 16*t + 5. Is r(g) prime?
True
Suppose 47*f - 25 = 42*f. Suppose -4*q - 4*s + 586 = -1942, 0 = -3*q + f*s + 1888. Is q a prime number?
True
Let a = 8 + -9. Let h(c) = 71*c - 35*c**3 - 71*c. Is h(a) a composite number?
True
Let u(k) = -98*k**2 + 4*k. Let h be u(-1). Is (317/3)/(h/36 - -3) prime?
False
Suppose t - w - 3771 + 215 = 0, 4*t - 14220 = 2*w. Is t a composite number?
True
Let s = -287 + 390. Let f(w) = -4*w**2 + 2*w + 6. Let r be f(-4). Let n = r + s. Is n prime?
True
Let r = 743 + -296. Is r a prime number?
False
Let a = 38 + -32. Suppose 602 = -4*x + a*x. Is x a prime number?
False
Suppose 0*b = -5*b + 21415. Is b composite?
False
Let t = 192 - -139. Is t a composite number?
False
Is 29/(87/6)*41162/4 a prime number?
False
Let j(v) = 912*v - 379. Is j(31) a prime number?
True
Suppose 5*w = -5*m + 10600, 4*w - 6835 = -5*m + 3767. Is m a prime number?
False
Is (39502/(-1))/((-94)/141) a prime number?
False
Let n = -3210 - -12452. Is n prime?
False
Let a(f) = f**2 + 11*f + 1. Let z be a(-10). Let b = z + 12. Suppose -26 = -b*k - 8. Is k a composite number?
True
Let r = 9 - 10. Let f be (-3 + 4)/(r/(-2)). Suppose 0 = -3*z - 3*q + 495, -f*z - 3*z - q + 817 = 0. Is z prime?
True
Suppose 0 = -5*b - 2*d - 122, -d = -5*b - 98 - 36. Let k = -15 - b. Is k a prime number?
True
Let y(z) = 543*z - 24. Is y(1) composite?
True
Let s = -7 - -9. Suppose -f + s = 0, -t = -5*f - 26 - 41. Suppose d = 2*d - t. Is d composite?
True
Let k(r) = -81*r**2 - 10*r + 8. Let f(h) = 80*h**2 + 10*h - 7. Let j(d) = 5*f(d) + 4*k(d). Is j(4) prime?
False
Suppose -a + 2389 = -4*d - 11748, 5*d = 5*a - 70670. Suppose -o = -5*r + a, -6*r + 5*o + 11298 = -2*r. Is (-1*1)/((-11)/r) a prime number?
True
Is (-1)/2 + 6/(-4) - -5355 a prime number?
False
Suppose 0 = -5*m + 22 - 2. Suppose -506 = -m*o - 82. Let h = -51 + o. Is h prime?
False
Let b = 1227 - -3494. Is b a prime number?
True
Suppose -88*y + 7888 = -72*y. Is y a composite number?
True
Suppose -3*b - 5*y = -3*y - 135, b = -y + 44. Is (b + (-12)/(-3))/1 composite?
True
Let g(a) = -a**2 - a - 1. Let f(v) = -v**3 - 8*v**2 - 3*v - 4. Let o(p) = -f(p) + 5*g(p). Let q be o(3). Suppose -6*z - q = -233. Is z prime?
True
Let k(c) be the first derivative of c**3/3 + 9*c**2 - 14*c - 22. Is k(15) prime?
False
Suppose 113*h + 7158 = 116*h. Is h composite?
True
Let q(z) = -125 + 413 + 2*z + 755 - z**2 - z**3. Is q(0) a prime number?
False
Let m = -196 + 677. Is m a prime number?
False
Suppose -5*r + 1 - 2 = 3*t, 0 = -2*t - 4. Suppose d - 3 = -r. Is 316/(-6)*(-3)/d composite?
False
Let v(p) be the second derivative of p**4/12 + 3*p**2 + 8*p. Let x be v(-5). Let z = -6 + x. Is z composite?
True
Suppose 2*o + 2*r = 2, 5*o + 9 = 5*r + 44. Suppose o*a - 57 = a - 3*z, 0 = a + 3*z - 19. Is a a composite number?
False
Let c = -653 - -2765. Suppose c = 4*d + 2*v, 6*v + 1593 = 3*d + 3*v. Is d a composite number?
True
Let n = -54 - -53. Is 3099 - (n + -4 + 3) composite?
True
Let g(i) = -16*i**2 + 1. Let f be g(-1). Let c = -11 - f. Suppose -174 = -v - l + 6*l, 0 = -c*v - 4*l + 720. Is v prime?
True
Let h(x) = 1419*x**2 - 22*x + 44. Is h(7) a prime number?
False
Let b(u) = 6 + 56*u**3 + 0*u**2 + 3*u + 6*u**2 - 57*u**3 + 3*u. Let x be b(-6). Suppose -4*f + x = 2*f. Is f a composite number?
False
Let n be 3063/5 - (-10)/25. Let b = n - 362. Is b composite?
False
Let n(k) = 2*k**2 - 11*k - 12. Suppose 3*g + 50 - 8 = 0. Let i be (-2)/7 - 158/g. Is n(i) prime?
True
Let g = -28821 - -40900. Is g a prime number?
False
Let v be ((-16)/(-12))/(8/132). Let h = 12 - v. Is 5/h - (-287)/2 composite?
True
Suppose -1 - 1 = -2*c + 3*u, 3 = 3*c - u. Let x be (3 + c*-21)*-1. Is 2/9 + 28058/x composite?
False
Let h = -84 - -119. Suppose -3*d + 1406 = h. Is d composite?
False
Let z(t) = t - 6. Let q be z(-2). Is q/(-32) + (-1195)/(-4) a composite number?
True
Let b(m) = -119*m**3 - m**2 - 5*m - 2. Let h be b(-2). Let c = -203 + h. Is c composite?
True
Let i = 123 - 100. Suppose l = 3*m + 66, -54 = -l + 2*m - 5*m. Let s = l + i. Is s a composite number?
False
Suppose -7*a + 3*a + 47940 = 4*j, -3*a = -3*j + 35943. Is j a composite number?
True
Suppose -2 = -0*r + 2*r. Is (-10)/45 + (-61728)/(-27) + r prime?
False
Let j be 3 + 21 + (-2)/(-2). Is 3788/10 - (-5)/j composite?
False
Let m(q) = 11*q**2 + 8 + 10*q - 4*q**2 + 7 + 7*q**2. Is m(8) a prime number?
True
Suppose 0 = 2330*b - 2328*b - 71134. Is b composite?
True
Let v be 4/(-22) + (-582)/66. Let q be (-2)/v + (-14082)/(-54). Let r = -138 + q. Is r a prime number?
False
Let f(q) = 175*q**2 + 2*q - 6. Let o(l) = -l**2 - 11*l - 8. Let p be o(-10). Is f(p) a prime number?
False
Let k = 12067 - 5598. Is k a prime number?
True
Is (-1)/6 - 14/((-336)/13276) a composite number?
True
Suppose -241 = -2*f + 11565. Is f a prime number?
True
Suppose -16*s = -67404 - 7940. Is s composite?
True
Suppose -2*u + 3*u = 5*j + 1358, 0 = j - 1. Is u a composite number?
True
Suppose 0 = 4*f + 21 - 5. Is f/(-24) + (-21)/18 + 3416 prime?
False
Let n = 11 - 7. Let p be ((-58)/(-10) + -4)*5. Suppose -d = -n*y - 24 + 2, 3*y = p. Is d a prime number?
False
Let t(q) = -q**2 + 3*q + 16. Let z(j) = j**2 - 3*j - 15. Let x(w) = 6*t(w) + 7*z(w). Is x(-8) a composite number?
False
Let g = 23293 + -378. Is g a prime number?
False
Let r = -4 - -3. Let i be 6 + r*(-2 + 3). Suppose -i*z + 27 = -8. Is z a composite number?
False
Let b = 24 + -15. Let g(j) = 7*j - 3. Let d be g(-3). Let q = b - d. Is q prime?
False
Suppose 145*w = 139*w + 31638. Is w a composite number?
False
Let o be 1 - -1 - -12*(-2)/(-3). Is (104/(-20) - -5) + 7192/o a composite number?
Fals